y(-3)?
6
Suppose 0 = -2*m - p + 5, -5 = m - 5*p - 24. Suppose 354 = -3*j - 3*k + 843, -5*j + 813 = m*k. Suppose 3*s = j + 196. What is the hundreds digit of s?
1
Let r = -2989 + 9614. What is the units digit of r?
5
Suppose 11*g - 31347 = -x, 21*g = 5*x + 16*g - 157155. What is the tens digit of x?
2
Let h(i) = -28*i**2 + 16*i + 4. Let p be h(6). Let l be p/(-6) + (-8)/(-36)*3. Suppose -l = 3*o - 5*o. What is the tens digit of o?
7
Suppose -h + d + 722 = -d, -2176 = -3*h + 4*d. Suppose -3*x - h + 2196 = 0. What is the units digit of x?
8
Suppose -2*b - 128 = 9*w - 4*w, 5*w = -4*b - 266. Let k = 125 + b. Let m = k - -86. What is the units digit of m?
2
Suppose -159807 - 176145 = -4*o - 8*o. What is the ten thousands digit of o?
2
Suppose 3*p + 4*b = 7795, -p - 5*b - 5189 = -3*p. Suppose -10*a = -3*a - p. What is the tens digit of a?
7
Let i(u) = 2*u - 1. Let p be i(4). Suppose -p*q - 12 = -292. What is the units digit of q?
0
Let g = 48 + -72. What is the tens digit of ((-6)/(-4))/(g/(-256))?
1
Suppose 0 = 11*k - 18110 - 15044. Suppose -10 - k = -9*q. What is the hundreds digit of q?
3
Suppose 0 = -4*j + 3*p + 21424, 195*p - 200*p = 0. What is the tens digit of j?
5
Suppose -43*i - 10513 = -47*i + 5*b, -4*i = -4*b - 10516. What is the thousands digit of i?
2
Let x = -5373 + 11299. What is the units digit of x?
6
Suppose 2*z + 25 = 7*z. Let f = -15 + 18. Suppose z*i + 54 = -3*q + 125, -f*q + 81 = 3*i. What is the tens digit of q?
3
Let c(k) = -12*k**3 - k**2 + 2*k - 2. Let n be c(-3). Let h = 572 - n. What is the tens digit of (h/3)/((25/(-15))/(-5))?
6
Suppose -61 = -5*g + 209. Let z = 50 - g. What is the tens digit of (-25)/15 - z/6 - -18?
1
Let x(q) = 41*q - 7. Let p be x(5). Suppose -p = 40*z - 41*z. What is the tens digit of z?
9
Suppose o - 4*i = 0, 5*o - 2 = 5*i + 13. Suppose -c = -l + 539 + 165, 0 = 2*l - o*c - 1418. What is the tens digit of l?
9
Let l(h) = 136*h**2 + 7*h + 4. Let w be 7/((-35)/10) - (-3 - -3). What is the units digit of l(w)?
4
Let s(i) = 39*i + 15. Let d(b) = -20*b - 7. Let x(c) = -5*d(c) - 2*s(c). Let h be x(-1). Let q(u) = -u**2 - 20*u - 36. What is the units digit of q(h)?
5
Let q(f) = -52*f - 51. Let t be q(6). Let b = -206 - t. What is the units digit of b?
7
What is the ten thousands digit of 716625/50 + 9/6?
1
Let i = -37 + 45. Suppose -3*y - 79 = -3*d - i*y, 5*y = -20. Suppose -d = -3*u + 24. What is the units digit of u?
9
Let w(t) = t**2 + 5*t - 6. Let s be w(-6). Let a be (39/(-1))/(2/(-30) + s). What is the units digit of ((-8)/10)/((-6)/a)?
8
Let s = 834 + -544. Suppose -5*v = -s - 130. Suppose 2*p - v = 26. What is the tens digit of p?
5
Suppose -8*s - 31 - 97 = 0. What is the tens digit of 1 + (-4108)/s + (-6)/8?
5
Let d = 4485 - -45389. What is the ten thousands digit of d?
4
Suppose -5*k = -5*t - 5, 8*k = 5*t + 4*k. Let w(a) = 16*a**3 - 11*a**2 - 2*a. What is the units digit of w(t)?
0
Let r(p) = p**3 - 7*p**2 + 8*p + 11. Let j be r(5). Suppose -2*s - 1 = j, 2*u - 30 = -4*s. Suppose 18*h - u*h - 15 = 0. What is the units digit of h?
5
Suppose -h = -1 - 1. Let p(c) be the first derivative of 7*c**4/4 + 2*c**3/3 + 450. What is the tens digit of p(h)?
6
Let t = -1921 + 5459. What is the units digit of t?
8
Let v be -3 - ((-7)/14 + (-5)/2). Suppose 2*l - 3*l - 4 = v. What is the units digit of (-83)/(-1 + 4 + l)?
3
Suppose 2*i - 18*i + 48 = 0. Suppose 3*n - 1772 = -6*z + 2*z, 3*n - 1776 = -i*z. What is the units digit of n?
6
What is the thousands digit of (-3241003)/(-106) - 4*-1 - 9/(-6)?
0
Let u = 11765 + 8632. What is the thousands digit of u?
0
Let k(w) = -425*w**3 + 4*w**2 + 3*w. Let a be k(-1). Let r = 459 - a. What is the tens digit of r?
3
Let f(b) = 152*b**2 + 219*b - 1316. What is the units digit of f(6)?
0
Let g(o) be the second derivative of 17*o**4/24 - 7*o**3/6 - 6*o**2 - 8*o. Let q(m) be the first derivative of g(m). What is the tens digit of q(4)?
6
What is the tens digit of (-9 + 3 - -13)/(1 - 10432/10436)?
6
What is the ten thousands digit of (-441)/(-21) + 48924 + 3?
4
Let f = 62758 - 28581. What is the hundreds digit of f?
1
Let y = 765 + 932. Suppose 13*k - y = 1098. What is the tens digit of k?
1
Suppose -22*g + 83484 = 32*g. Suppose -5*f - l + g = 0, 0*f + 3*f + 4*l = 931. What is the hundreds digit of f?
3
Suppose -19*b = -5*b + 28. Let k(z) = -27*z**3 - z**2 - 3*z - 8. What is the tens digit of k(b)?
1
Let o be (-2900)/(-18) - ((-5)/45)/(-1). Let a(l) = -o*l + 76*l - 1 + l**2 + 81*l. What is the units digit of a(-7)?
6
Let y = -124 + 126. Suppose y*h - 731 + 257 = -4*p, 4*p - 713 = -3*h. What is the units digit of h?
9
What is the thousands digit of 344/(0 - 22/(-253))?
3
Suppose 2*t = 5*v + 2577, -970*t - 2*v = -965*t - 6399. What is the hundreds digit of t?
2
Suppose 0 = 3*q - 3*d - 18876, -5*d = 4*q + 2570 - 27792. What is the units digit of q?
8
Let z(o) = -o**3 + 9*o**2 + 11*o - 5. Let r be z(10). Suppose 1 + r = 3*v. What is the tens digit of (v + 442/4)/(6/12)?
2
Let g(t) = 11*t**2 - 65*t + 289. What is the units digit of g(-47)?
3
Let i(k) = -7*k + 18. Let v be i(6). Let g be 40/v*12/(-10). Suppose g*u + 4*o - 154 = 0, 0 = -0*u - u + 4*o + 107. What is the tens digit of u?
8
Suppose 8630 + 16945 = 93*q. What is the hundreds digit of q?
2
Let b(o) = -o**3 - 3*o**2 + 11*o + 7. Let i be b(-5). Suppose -448 = -i*d + 886. What is the units digit of d?
7
Suppose 9*k + 386 = 11*k. Suppose -7*n + k + 2159 = 0. What is the tens digit of n?
3
Let c(g) be the third derivative of g**6/60 + 13*g**5/60 + 5*g**4/12 + 7*g**3/3 - 36*g**2. What is the tens digit of c(-5)?
3
Let o(a) = -1. Let p be 7/(-35) + (-28)/10. Let n(j) = -2*j + 5. Let l(s) = p*o(s) + n(s). What is the units digit of l(-5)?
8
Let y(k) = 50*k - 52. Let t(r) = -r - 1. Let s(g) = 6*t(g) - y(g). What is the units digit of s(-24)?
0
Suppose -m + 149 + 24 = 0. Let l = m - -982. What is the units digit of l?
5
Let n(y) = 21*y**3 + 2*y**2 - y - 1. Let l be n(1). Let d = l + -21. What is the units digit of d/(-4) - (4 + -92)?
8
Let m be (-2064)/(-69) + (-8)/(-92). Let r = 263 + m. What is the hundreds digit of r?
2
What is the tens digit of (-32910)/12*(2 - 20)*64/96?
1
Let w(y) = -446*y**3 - 4*y**2 + 41*y + 60. What is the hundreds digit of w(-6)?
0
Let l = 3950 - 2242. What is the tens digit of l?
0
Let a(v) = 321*v - 186. What is the units digit of a(38)?
2
Let j(w) = w**2 + 2*w + 1. Let a be j(-3). Suppose 3*k - f = 1041, a*k = -4*f - 161 + 1565. What is the hundreds digit of k?
3
Let f be (-91878)/(-30) + 8/20. What is the units digit of f/4 - 48/64?
5
Let m = -2766 + 11381. What is the thousands digit of m?
8
Suppose 3*t - 3*x = 3654, -5*t + x + 2057 = -4041. Suppose t = 7*a - 474. What is the tens digit of a?
4
Let h(a) = -5*a + 2*a + 0*a + 2*a - 14 + a**2. Let z be h(-4). Let w(p) = 14*p + 37. What is the tens digit of w(z)?
2
Suppose -116115 = -3*s - 3*t, -s - 123*t + 38753 = -116*t. What is the tens digit of s?
9
Let t(v) = 2*v**3 + 25*v**2 + 15*v + 35. Let q be t(-12). Let p(f) be the second derivative of -9*f**3 + f**2 + 2*f. What is the units digit of p(q)?
6
Suppose -10*a + 9222 + 438 = 0. Suppose -3*n - 5*x + a - 220 = 0, 2*n - x - 506 = 0. Suppose -208 = -2*q - 2*l, 3*q + 5*l = n + 64. What is the tens digit of q?
0
Let r = 8782 - -4984. What is the ten thousands digit of r?
1
Let j = -73290 + 108294. What is the units digit of j?
4
Suppose 9*s + 19898 - 74447 = 0. What is the tens digit of s?
6
Let o(q) = 20*q + 310. Let s be o(-16). What is the hundreds digit of (-7382)/s - (-10)/(-50)?
7
Suppose 2*n - 5 = i, -4*i - 3*n + n = -30. Suppose -i*b + 1874 = 484. What is the units digit of b?
8
Suppose -5*g - 335 = 5*k, 5*g + 3*k + 225 = -110. Let m = 739 - g. What is the units digit of m?
6
Suppose -198 = -15*s + 9*s. Suppose 10512 = -s*u + 45*u. What is the tens digit of u?
7
What is the thousands digit of (-2)/5 - ((-174161)/65 + -28)?
2
Suppose 5*v + 14 = 24, 16 = -2*u + 5*v. What is the hundreds digit of ((-8664)/(-9) - (-16)/12) + u?
9
Suppose 1234*i = 1239*i + 1880. Let j = 494 + i. What is the units digit of j?
8
Suppose 25*y = 18*y - 805. Let n = y - -614. What is the hundreds digit of n?
4
Suppose -3*r + 1855 = -2*g, -1250 = 2*r - 4*r - 2*g. Let n = r - -69. What is the units digit of n?
0
Suppose m